{"id":1790,"date":"2016-05-29T19:28:37","date_gmt":"2016-05-29T18:28:37","guid":{"rendered":"http:\/\/leregardlibre.com\/?page_id=1790"},"modified":"2026-01-01T20:57:07","modified_gmt":"2026-01-01T19:57:07","slug":"anzeigen","status":"publish","type":"page","link":"https:\/\/leregardlibre.com\/de\/anzeigen\/","title":{"rendered":"Anzeigen \/ Werbung \/ Partnerschaften"},"content":{"rendered":"<p>Wir stehen Ihnen gerne zur Verf\u00fcgung, um eine Ihrer Anzeigen oder Werbungen auf unseren Seiten zu platzieren. Wir bieten Unternehmen, Stiftungen und anderen an einer Zusammenarbeit interessierten Organisationen auch redaktionelle Projekte an, die einem Thema Sichtbarkeit verleihen und die Unabh\u00e4ngigkeit seiner Behandlung durch unsere Redaktion gew\u00e4hrleisten.Wir stehen Ihnen gerne zur Verf\u00fcgung, um eine Ihrer Anzeigen oder Werbungen auf unseren Seiten zu platzieren. Wir bieten auch Unternehmen, Stiftungen und anderen Organisationen, die an einer Zusammenarbeit interessiert sind, redaktionelle Projekte an, die sowohl die Sichtbarkeit eines Themas als auch die Unabh\u00e4ngigkeit seiner Behandlung durch unsere Redaktion gew\u00e4hrleisten.<\/p>\n\n\n\n<h3 class=\"wp-block-heading\" id=\"h-options-delais-conditions\">Optionen, Fristen, Bedingungen:<\/h3>\n\n\n\n<div class=\"wp-block-file\"><a id=\"wp-block-file--media-3ad08c28-1017-4d70-9488-52f420873b15\" href=\"https:\/\/leregardlibre.com\/wp-content\/uploads\/2025\/12\/donnees-media-le-regard-libre.pdf\">Mediendaten <em>Le Regard Libre<\/em><\/a><a href=\"https:\/\/leregardlibre.com\/wp-content\/uploads\/2025\/12\/donnees-media-le-regard-libre.pdf\" class=\"wp-block-file__button wp-element-button\" download aria-describedby=\"wp-block-file--media-3ad08c28-1017-4d70-9488-52f420873b15\">Download<\/a><\/div>","protected":false},"excerpt":{"rendered":"<p>Nous nous tenons \u00e0 votre disposition pour ins\u00e9rer l&#8217;une de vos publicit\u00e9s ou annonces dans nos pages. Nous proposons \u00e9galement&#8230;<\/p>","protected":false},"author":1,"featured_media":0,"parent":0,"menu_order":0,"comment_status":"closed","ping_status":"closed","template":"","meta":{"_acf_changed":false,"footnotes":""},"class_list":["post-1790","page","type-page","status-publish","hentry"],"acf":[],"yoast_head":"<!-- This site is optimized with the Yoast SEO Premium plugin v27.4 (Yoast SEO v27.4) - https:\/\/yoast.com\/product\/yoast-seo-premium-wordpress\/ -->\n<title>Annonces \/ publicit\u00e9s \/ partenariats | Le Regard Libre<\/title>\n<meta name=\"description\" content=\"Annonces, projets \u00e9ditoriaux et autres services propos\u00e9s par Le Regard Libre \u00e0 des entreprises, fondations et autres organismes.\" \/>\n<meta name=\"robots\" content=\"index, follow, max-snippet:-1, max-image-preview:large, max-video-preview:-1\" \/>\n<link rel=\"canonical\" href=\"https:\/\/leregardlibre.com\/de\/anzeigen\/\" \/>\n<meta property=\"og:locale\" content=\"de_DE\" \/>\n<meta property=\"og:type\" content=\"article\" \/>\n<meta property=\"og:title\" content=\"Annonces \/ publicit\u00e9s \/ partenariats\" \/>\n<meta property=\"og:description\" content=\"Annonces, projets \u00e9ditoriaux et autres services propos\u00e9s par Le Regard Libre \u00e0 des entreprises, fondations et autres organismes.\" \/>\n<meta property=\"og:url\" content=\"https:\/\/leregardlibre.com\/de\/anzeigen\/\" \/>\n<meta property=\"og:site_name\" content=\"Le Regard Libre\" \/>\n<meta property=\"article:publisher\" content=\"https:\/\/www.facebook.com\/leregardlibre\/\" \/>\n<meta property=\"article:modified_time\" content=\"2026-01-01T19:57:07+00:00\" \/>\n<meta property=\"og:image\" content=\"https:\/\/leregardlibre.com\/wp-content\/uploads\/2025\/11\/rl_logo_1a-e1762609033480.jpg\" \/>\n\t<meta property=\"og:image:width\" content=\"2154\" \/>\n\t<meta property=\"og:image:height\" content=\"1264\" \/>\n\t<meta property=\"og:image:type\" content=\"image\/jpeg\" \/>\n<meta name=\"twitter:card\" content=\"summary_large_image\" \/>\n<meta name=\"twitter:site\" content=\"@LeRegardLibre\" \/>\n<meta name=\"twitter:label1\" content=\"Gesch\u00e4tzte Lesezeit\" \/>\n\t<meta name=\"twitter:data1\" content=\"1\u00a0Minute\" \/>\n<script type=\"application\/ld+json\" class=\"yoast-schema-graph\">{\"@context\":\"https:\\\/\\\/schema.org\",\"@graph\":[{\"@type\":\"WebPage\",\"@id\":\"https:\\\/\\\/leregardlibre.com\\\/annonces\\\/\",\"url\":\"https:\\\/\\\/leregardlibre.com\\\/annonces\\\/\",\"name\":\"Annonces \\\/ publicit\u00e9s \\\/ partenariats | Le Regard Libre\",\"isPartOf\":{\"@id\":\"https:\\\/\\\/leregardlibre.com\\\/#website\"},\"datePublished\":\"2016-05-29T18:28:37+00:00\",\"dateModified\":\"2026-01-01T19:57:07+00:00\",\"description\":\"Annonces, projets \u00e9ditoriaux et autres services propos\u00e9s par Le Regard Libre \u00e0 des entreprises, fondations et autres organismes.\",\"breadcrumb\":{\"@id\":\"https:\\\/\\\/leregardlibre.com\\\/annonces\\\/#breadcrumb\"},\"inLanguage\":\"de\",\"potentialAction\":[{\"@type\":\"ReadAction\",\"target\":[\"https:\\\/\\\/leregardlibre.com\\\/annonces\\\/\"]}]},{\"@type\":\"BreadcrumbList\",\"@id\":\"https:\\\/\\\/leregardlibre.com\\\/annonces\\\/#breadcrumb\",\"itemListElement\":[{\"@type\":\"ListItem\",\"position\":1,\"name\":\"Accueil\",\"item\":\"https:\\\/\\\/leregardlibre.com\\\/\"},{\"@type\":\"ListItem\",\"position\":2,\"name\":\"Annonces \\\/ publicit\u00e9s \\\/ partenariats\"}]},{\"@type\":\"WebSite\",\"@id\":\"https:\\\/\\\/leregardlibre.com\\\/#website\",\"url\":\"https:\\\/\\\/leregardlibre.com\\\/\",\"name\":\"Le Regard Libre\",\"description\":\"Premier mensuel suisse de d\u00e9bat\",\"publisher\":{\"@id\":\"https:\\\/\\\/leregardlibre.com\\\/#organization\"},\"potentialAction\":[{\"@type\":\"SearchAction\",\"target\":{\"@type\":\"EntryPoint\",\"urlTemplate\":\"https:\\\/\\\/leregardlibre.com\\\/?s={search_term_string}\"},\"query-input\":{\"@type\":\"PropertyValueSpecification\",\"valueRequired\":true,\"valueName\":\"search_term_string\"}}],\"inLanguage\":\"de\"},{\"@type\":\"Organization\",\"@id\":\"https:\\\/\\\/leregardlibre.com\\\/#organization\",\"name\":\"Le Regard Libre\",\"url\":\"https:\\\/\\\/leregardlibre.com\\\/\",\"logo\":{\"@type\":\"ImageObject\",\"inLanguage\":\"de\",\"@id\":\"https:\\\/\\\/leregardlibre.com\\\/#\\\/schema\\\/logo\\\/image\\\/\",\"url\":\"https:\\\/\\\/leregardlibre.com\\\/wp-content\\\/uploads\\\/2025\\\/08\\\/logo-rl-icone-neg.jpeg\",\"contentUrl\":\"https:\\\/\\\/leregardlibre.com\\\/wp-content\\\/uploads\\\/2025\\\/08\\\/logo-rl-icone-neg.jpeg\",\"width\":557,\"height\":556,\"caption\":\"Le Regard Libre\"},\"image\":{\"@id\":\"https:\\\/\\\/leregardlibre.com\\\/#\\\/schema\\\/logo\\\/image\\\/\"},\"sameAs\":[\"https:\\\/\\\/www.facebook.com\\\/leregardlibre\\\/\",\"https:\\\/\\\/x.com\\\/LeRegardLibre\",\"https:\\\/\\\/www.linkedin.com\\\/company\\\/le-regard-libre\",\"https:\\\/\\\/www.instagram.com\\\/leregardlibre\\\/\",\"http:\\\/\\\/t.me\\\/leregardlibre\",\"https:\\\/\\\/youtube.com\\\/channel\\\/UC6HzGPomj1LsUmlz-sJtITQ\"],\"description\":\"Le Regard Libre est un mensuel suisse de d\u00e9bat intellectuel et culturel. Sa r\u00e9daction est jeune, b\u00e9n\u00e9vole, lib\u00e9rale et pluraliste. Le magazine para\u00eet en ligne et sous forme papier. Sa langue est le fran\u00e7ais.\",\"email\":\"redaction@leregardlibre.com\",\"legalName\":\"Le Regard Libre\",\"foundingDate\":\"2014-01-01\",\"numberOfEmployees\":{\"@type\":\"QuantitativeValue\",\"minValue\":\"11\",\"maxValue\":\"50\"},\"publishingPrinciples\":\"https:\\\/\\\/leregardlibre.com\\\/a-propos\\\/notre-manifeste\\\/\",\"ownershipFundingInfo\":\"https:\\\/\\\/leregardlibre.com\\\/mentions-legales\\\/\",\"actionableFeedbackPolicy\":\"https:\\\/\\\/leregardlibre.com\\\/conditions-generales-de-vente\\\/\"}]}<\/script>\n<!-- \/ Yoast SEO Premium plugin. -->","yoast_head_json":{"title":"Anzeigen \/ Werbung \/ Partnerschaften | Le Regard Libre","description":"Ank\u00fcndigungen, redaktionelle Projekte und andere Dienstleistungen, die Le Regard Libre Unternehmen, Stiftungen und anderen Organisationen anbietet.","robots":{"index":"index","follow":"follow","max-snippet":"max-snippet:-1","max-image-preview":"max-image-preview:large","max-video-preview":"max-video-preview:-1"},"canonical":"https:\/\/leregardlibre.com\/de\/anzeigen\/","og_locale":"de_DE","og_type":"article","og_title":"Annonces \/ publicit\u00e9s \/ partenariats","og_description":"Annonces, projets \u00e9ditoriaux et autres services propos\u00e9s par Le Regard Libre \u00e0 des entreprises, fondations et autres organismes.","og_url":"https:\/\/leregardlibre.com\/de\/anzeigen\/","og_site_name":"Le Regard Libre","article_publisher":"https:\/\/www.facebook.com\/leregardlibre\/","article_modified_time":"2026-01-01T19:57:07+00:00","og_image":[{"width":2154,"height":1264,"url":"https:\/\/leregardlibre.com\/wp-content\/uploads\/2025\/11\/rl_logo_1a-e1762609033480.jpg","type":"image\/jpeg"}],"twitter_card":"summary_large_image","twitter_site":"@LeRegardLibre","twitter_misc":{"Gesch\u00e4tzte Lesezeit":"1\u00a0Minute"},"schema":{"@context":"https:\/\/schema.org","@graph":[{"@type":"WebPage","@id":"https:\/\/leregardlibre.com\/annonces\/","url":"https:\/\/leregardlibre.com\/annonces\/","name":"Anzeigen \/ Werbung \/ Partnerschaften | Le Regard Libre","isPartOf":{"@id":"https:\/\/leregardlibre.com\/#website"},"datePublished":"2016-05-29T18:28:37+00:00","dateModified":"2026-01-01T19:57:07+00:00","description":"Ank\u00fcndigungen, redaktionelle Projekte und andere Dienstleistungen, die Le Regard Libre Unternehmen, Stiftungen und anderen Organisationen anbietet.","breadcrumb":{"@id":"https:\/\/leregardlibre.com\/annonces\/#breadcrumb"},"inLanguage":"de","potentialAction":[{"@type":"ReadAction","target":["https:\/\/leregardlibre.com\/annonces\/"]}]},{"@type":"BreadcrumbList","@id":"https:\/\/leregardlibre.com\/annonces\/#breadcrumb","itemListElement":[{"@type":"ListItem","position":1,"name":"Accueil","item":"https:\/\/leregardlibre.com\/"},{"@type":"ListItem","position":2,"name":"Annonces \/ publicit\u00e9s \/ partenariats"}]},{"@type":"WebSite","@id":"https:\/\/leregardlibre.com\/#website","url":"https:\/\/leregardlibre.com\/","name":"Le Regard Libre","description":"Erste Schweizer Monatszeitschrift f\u00fcr Debatten","publisher":{"@id":"https:\/\/leregardlibre.com\/#organization"},"potentialAction":[{"@type":"SearchAction","target":{"@type":"EntryPoint","urlTemplate":"https:\/\/leregardlibre.com\/?s={search_term_string}"},"query-input":{"@type":"PropertyValueSpecification","valueRequired":true,"valueName":"search_term_string"}}],"inLanguage":"de"},{"@type":"Organization","@id":"https:\/\/leregardlibre.com\/#organization","name":"Le Regard Libre","url":"https:\/\/leregardlibre.com\/","logo":{"@type":"ImageObject","inLanguage":"de","@id":"https:\/\/leregardlibre.com\/#\/schema\/logo\/image\/","url":"https:\/\/leregardlibre.com\/wp-content\/uploads\/2025\/08\/logo-rl-icone-neg.jpeg","contentUrl":"https:\/\/leregardlibre.com\/wp-content\/uploads\/2025\/08\/logo-rl-icone-neg.jpeg","width":557,"height":556,"caption":"Le Regard Libre"},"image":{"@id":"https:\/\/leregardlibre.com\/#\/schema\/logo\/image\/"},"sameAs":["https:\/\/www.facebook.com\/leregardlibre\/","https:\/\/x.com\/LeRegardLibre","https:\/\/www.linkedin.com\/company\/le-regard-libre","https:\/\/www.instagram.com\/leregardlibre\/","http:\/\/t.me\/leregardlibre","https:\/\/youtube.com\/channel\/UC6HzGPomj1LsUmlz-sJtITQ"],"description":"Le Regard Libre ist eine Schweizer Monatszeitschrift f\u00fcr intellektuelle und kulturelle Debatten. Seine Redaktion ist jung, ehrenamtlich, liberal und pluralistisch. Das Magazin erscheint online und in gedruckter Form. Seine Sprache ist Franz\u00f6sisch.","email":"redaction@leregardlibre.com","legalName":"Le Regard Libre","foundingDate":"2014-01-01","numberOfEmployees":{"@type":"QuantitativeValue","minValue":"11","maxValue":"50"},"publishingPrinciples":"https:\/\/leregardlibre.com\/a-propos\/notre-manifeste\/","ownershipFundingInfo":"https:\/\/leregardlibre.com\/mentions-legales\/","actionableFeedbackPolicy":"https:\/\/leregardlibre.com\/conditions-generales-de-vente\/"}]}},"_links":{"self":[{"href":"https:\/\/leregardlibre.com\/de\/wp-json\/wp\/v2\/pages\/1790","targetHints":{"allow":["GET"]}}],"collection":[{"href":"https:\/\/leregardlibre.com\/de\/wp-json\/wp\/v2\/pages"}],"about":[{"href":"https:\/\/leregardlibre.com\/de\/wp-json\/wp\/v2\/types\/page"}],"author":[{"embeddable":true,"href":"https:\/\/leregardlibre.com\/de\/wp-json\/wp\/v2\/users\/1"}],"replies":[{"embeddable":true,"href":"https:\/\/leregardlibre.com\/de\/wp-json\/wp\/v2\/comments?post=1790"}],"version-history":[{"count":2,"href":"https:\/\/leregardlibre.com\/de\/wp-json\/wp\/v2\/pages\/1790\/revisions"}],"predecessor-version":[{"id":530507,"href":"https:\/\/leregardlibre.com\/de\/wp-json\/wp\/v2\/pages\/1790\/revisions\/530507"}],"wp:attachment":[{"href":"https:\/\/leregardlibre.com\/de\/wp-json\/wp\/v2\/media?parent=1790"}],"curies":[{"name":"wp","href":"https:\/\/api.w.org\/{rel}","templated":true}]}}

<p>Wir stehen Ihnen gerne zur Verfügung, um eine Ihrer Anzeigen oder Werbungen auf unseren Seiten zu platzieren. Wir bieten Unternehmen, Stiftungen und anderen an einer Zusammenarbeit interessierten Organisationen auch redaktionelle Projekte an, die einem Thema Sichtbarkeit verleihen und die Unabhängigkeit seiner Behandlung durch unsere Redaktion gewährleisten.Wir stehen Ihnen gerne zur Verfügung, um eine Ihrer Anzeigen oder Werbungen auf unseren Seiten zu platzieren. Wir bieten auch Unternehmen, Stiftungen und anderen Organisationen, die an einer Zusammenarbeit interessiert sind, redaktionelle Projekte an, die sowohl die Sichtbarkeit eines Themas als auch die Unabhängigkeit seiner Behandlung durch unsere Redaktion gewährleisten.</p>



<h3 class="wp-block-heading" id="h-options-delais-conditions">Optionen, Fristen, Bedingungen:</h3>



<div class="wp-block-file"><a id="wp-block-file--media-3ad08c28-1017-4d70-9488-52f420873b15" href="https://leregardlibre.com/wp-content/uploads/2025/12/donnees-media-le-regard-libre.pdf">Mediendaten <em>Le Regard Libre</em></a><a href="https://leregardlibre.com/wp-content/uploads/2025/12/donnees-media-le-regard-libre.pdf" class="wp-block-file__button wp-element-button" download aria-describedby="wp-block-file--media-3ad08c28-1017-4d70-9488-52f420873b15">Download</a></div>

<p>Nous nous tenons à votre disposition pour insérer l&#8217;une de vos publicités ou annonces dans nos pages. Nous proposons également&#8230;</p>

<!-- This site is optimized with the Yoast SEO Premium plugin v27.4 (Yoast SEO v27.4) - https://yoast.com/product/yoast-seo-premium-wordpress/ -->
<title>Annonces / publicités / partenariats | Le Regard Libre</title>
<meta name="description" content="Annonces, projets éditoriaux et autres services proposés par Le Regard Libre à des entreprises, fondations et autres organismes." />
<meta name="robots" content="index, follow, max-snippet:-1, max-image-preview:large, max-video-preview:-1" />
<link rel="canonical" href="https://leregardlibre.com/de/anzeigen/" />
<meta property="og:locale" content="de_DE" />
<meta property="og:type" content="article" />
<meta property="og:title" content="Annonces / publicités / partenariats" />
<meta property="og:description" content="Annonces, projets éditoriaux et autres services proposés par Le Regard Libre à des entreprises, fondations et autres organismes." />
<meta property="og:url" content="https://leregardlibre.com/de/anzeigen/" />
<meta property="og:site_name" content="Le Regard Libre" />
<meta property="article:publisher" content="https://www.facebook.com/leregardlibre/" />
<meta property="article:modified_time" content="2026-01-01T19:57:07+00:00" />
<meta property="og:image" content="https://leregardlibre.com/wp-content/uploads/2025/11/rl_logo_1a-e1762609033480.jpg" />
	<meta property="og:image:width" content="2154" />
	<meta property="og:image:height" content="1264" />
	<meta property="og:image:type" content="image/jpeg" />
<meta name="twitter:card" content="summary_large_image" />
<meta name="twitter:site" content="@LeRegardLibre" />
<meta name="twitter:label1" content="Geschätzte Lesezeit" />
	<meta name="twitter:data1" content="1 Minute" />
<script type="application/ld+json" class="yoast-schema-graph">{"@context":"https:\/\/schema.org","@graph":[{"@type":"WebPage","@id":"https:\/\/leregardlibre.com\/annonces\/","url":"https:\/\/leregardlibre.com\/annonces\/","name":"Annonces \/ publicités \/ partenariats | Le Regard Libre","isPartOf":{"@id":"https:\/\/leregardlibre.com\/#website"},"datePublished":"2016-05-29T18:28:37+00:00","dateModified":"2026-01-01T19:57:07+00:00","description":"Annonces, projets éditoriaux et autres services proposés par Le Regard Libre à des entreprises, fondations et autres organismes.","breadcrumb":{"@id":"https:\/\/leregardlibre.com\/annonces\/#breadcrumb"},"inLanguage":"de","potentialAction":[{"@type":"ReadAction","target":["https:\/\/leregardlibre.com\/annonces\/"]}]},{"@type":"BreadcrumbList","@id":"https:\/\/leregardlibre.com\/annonces\/#breadcrumb","itemListElement":[{"@type":"ListItem","position":1,"name":"Accueil","item":"https:\/\/leregardlibre.com\/"},{"@type":"ListItem","position":2,"name":"Annonces \/ publicités \/ partenariats"}]},{"@type":"WebSite","@id":"https:\/\/leregardlibre.com\/#website","url":"https:\/\/leregardlibre.com\/","name":"Le Regard Libre","description":"Premier mensuel suisse de débat","publisher":{"@id":"https:\/\/leregardlibre.com\/#organization"},"potentialAction":[{"@type":"SearchAction","target":{"@type":"EntryPoint","urlTemplate":"https:\/\/leregardlibre.com\/?s={search_term_string}"},"query-input":{"@type":"PropertyValueSpecification","valueRequired":true,"valueName":"search_term_string"}}],"inLanguage":"de"},{"@type":"Organization","@id":"https:\/\/leregardlibre.com\/#organization","name":"Le Regard Libre","url":"https:\/\/leregardlibre.com\/","logo":{"@type":"ImageObject","inLanguage":"de","@id":"https:\/\/leregardlibre.com\/#\/schema\/logo\/image\/","url":"https:\/\/leregardlibre.com\/wp-content\/uploads\/2025\/08\/logo-rl-icone-neg.jpeg","contentUrl":"https:\/\/leregardlibre.com\/wp-content\/uploads\/2025\/08\/logo-rl-icone-neg.jpeg","width":557,"height":556,"caption":"Le Regard Libre"},"image":{"@id":"https:\/\/leregardlibre.com\/#\/schema\/logo\/image\/"},"sameAs":["https:\/\/www.facebook.com\/leregardlibre\/","https:\/\/x.com\/LeRegardLibre","https:\/\/www.linkedin.com\/company\/le-regard-libre","https:\/\/www.instagram.com\/leregardlibre\/","http:\/\/t.me\/leregardlibre","https:\/\/youtube.com\/channel\/UC6HzGPomj1LsUmlz-sJtITQ"],"description":"Le Regard Libre est un mensuel suisse de débat intellectuel et culturel. Sa rédaction est jeune, bénévole, libérale et pluraliste. Le magazine paraît en ligne et sous forme papier. Sa langue est le français.","email":"redaction@leregardlibre.com","legalName":"Le Regard Libre","foundingDate":"2014-01-01","numberOfEmployees":{"@type":"QuantitativeValue","minValue":"11","maxValue":"50"},"publishingPrinciples":"https:\/\/leregardlibre.com\/a-propos\/notre-manifeste\/","ownershipFundingInfo":"https:\/\/leregardlibre.com\/mentions-legales\/","actionableFeedbackPolicy":"https:\/\/leregardlibre.com\/conditions-generales-de-vente\/"}]}</script>
<!-- / Yoast SEO Premium plugin. -->

Ankündigungen, redaktionelle Projekte und andere Dienstleistungen, die Le Regard Libre Unternehmen, Stiftungen und anderen Organisationen anbietet.

Annonces / publicités / partenariats

Annonces, projets éditoriaux et autres services proposés par Le Regard Libre à des entreprises, fondations et autres organismes.

Erste Schweizer Monatszeitschrift für Debatten

Le Regard Libre ist eine Schweizer Monatszeitschrift für intellektuelle und kulturelle Debatten. Seine Redaktion ist jung, ehrenamtlich, liberal und pluralistisch. Das Magazin erscheint online und in gedruckter Form. Seine Sprache ist Französisch.
