{"id":50339,"date":"2022-07-13T15:13:35","date_gmt":"2022-07-13T13:13:35","guid":{"rendered":"https:\/\/leregardlibre.com\/?page_id=50339"},"modified":"2026-03-02T15:52:46","modified_gmt":"2026-03-02T14:52:46","slug":"rechtliche-hinweise","status":"publish","type":"page","link":"https:\/\/leregardlibre.com\/de\/rechtliche-hinweise\/","title":{"rendered":"Rechtliche Hinweise"},"content":{"rendered":"<h2 class=\"wp-block-heading\" id=\"h-contenus\">Inhalte<\/h2>\n\n\n\n<p>Le Regard Libre<br>Postfach<br>2002 Neuch\u00e2tel 2<br><a href=\"mailto:redaction@leregardlibre.com\">info@leregardlibre.co<\/a><a href=\"mailto:info@leregardlibre.com\">m<\/a><\/p>\n\n\n\n<h2 class=\"wp-block-heading\" id=\"h-programmation-web\">Web-Programmierung<\/h2>\n\n\n\n<p>Novadev GmbH<br>Les Places 38<br>2855 Glovelier<br><a href=\"http:\/\/www.novadev.ch\/\">www.novadev.ch<\/a><\/p>\n\n\n\n<h2 class=\"wp-block-heading\" id=\"h-illustrations\">Illustrationen<\/h2>\n\n\n\n<p>Alle Bilder (einschlie\u00dflich des Logos) auf der Website sind urheberrechtlich gesch\u00fctzt.<\/p>\n\n\n\n<h2 class=\"wp-block-heading\" id=\"h-avis-juridique\">Rechtliche Hinweise<\/h2>\n\n\n\n<p>Weder Le Regard Libre noch Novadev S\u00e0rl \u00fcbernehmen eine Gew\u00e4hr f\u00fcr die Aktualit\u00e4t, Richtigkeit und Vollst\u00e4ndigkeit der bereitgestellten Informationen und Daten. Dies gilt auch f\u00fcr alle anderen Websites, auf die direkt oder indirekt per Hyperlink verwiesen wird. Weder Le Regard Libre noch Novadev S\u00e0rl sind f\u00fcr den Inhalt, der auf externen Websites verwendet wird, verantwortlich.<\/p>","protected":false},"excerpt":{"rendered":"<p>Contenus Le Regard LibreCase postale2002 Neuch\u00e2tel 2info@leregardlibre.com Programmation web Novadev S\u00e0rlLes Places 382855 Glovelierwww.novadev.ch Illustrations Toutes les images (y compris&#8230;<\/p>","protected":false},"author":1,"featured_media":0,"parent":0,"menu_order":0,"comment_status":"closed","ping_status":"closed","template":"","meta":{"_acf_changed":false,"footnotes":""},"class_list":["post-50339","page","type-page","status-publish","hentry"],"acf":[],"yoast_head":"<!-- This site is optimized with the Yoast SEO Premium plugin v27.4 (Yoast SEO v27.4) - https:\/\/yoast.com\/product\/yoast-seo-premium-wordpress\/ -->\n<title>Mentions l\u00e9gales | Le Regard Libre<\/title>\n<meta name=\"description\" content=\"Mentions l\u00e9gales du m\u00e9dia suisse de d\u00e9bat Le Regard Libre. Contenus, programmation Web, illustrations et avis juridique.\" \/>\n<meta name=\"robots\" content=\"index, follow, max-snippet:-1, max-image-preview:large, max-video-preview:-1\" \/>\n<link rel=\"canonical\" href=\"https:\/\/leregardlibre.com\/de\/rechtliche-hinweise\/\" \/>\n<meta property=\"og:locale\" content=\"de_DE\" \/>\n<meta property=\"og:type\" content=\"article\" \/>\n<meta property=\"og:title\" content=\"Mentions l\u00e9gales\" \/>\n<meta property=\"og:description\" content=\"Mentions l\u00e9gales du m\u00e9dia suisse de d\u00e9bat Le Regard Libre. Contenus, programmation Web, illustrations et avis juridique.\" \/>\n<meta property=\"og:url\" content=\"https:\/\/leregardlibre.com\/de\/rechtliche-hinweise\/\" \/>\n<meta property=\"og:site_name\" content=\"Le Regard Libre\" \/>\n<meta property=\"article:publisher\" content=\"https:\/\/www.facebook.com\/leregardlibre\/\" \/>\n<meta property=\"article:modified_time\" content=\"2026-03-02T14:52:46+00:00\" \/>\n<meta property=\"og:image\" content=\"https:\/\/leregardlibre.com\/wp-content\/uploads\/2025\/11\/rl_logo_1a-e1762609033480.jpg\" \/>\n\t<meta property=\"og:image:width\" content=\"2154\" \/>\n\t<meta property=\"og:image:height\" content=\"1264\" \/>\n\t<meta property=\"og:image:type\" content=\"image\/jpeg\" \/>\n<meta name=\"twitter:card\" content=\"summary_large_image\" \/>\n<meta name=\"twitter:site\" content=\"@LeRegardLibre\" \/>\n<meta name=\"twitter:label1\" content=\"Gesch\u00e4tzte Lesezeit\" \/>\n\t<meta name=\"twitter:data1\" content=\"1\u00a0Minute\" \/>\n<script type=\"application\/ld+json\" class=\"yoast-schema-graph\">{\"@context\":\"https:\\\/\\\/schema.org\",\"@graph\":[{\"@type\":\"WebPage\",\"@id\":\"https:\\\/\\\/leregardlibre.com\\\/mentions-legales\\\/\",\"url\":\"https:\\\/\\\/leregardlibre.com\\\/mentions-legales\\\/\",\"name\":\"Mentions l\u00e9gales | Le Regard Libre\",\"isPartOf\":{\"@id\":\"https:\\\/\\\/leregardlibre.com\\\/#website\"},\"datePublished\":\"2022-07-13T13:13:35+00:00\",\"dateModified\":\"2026-03-02T14:52:46+00:00\",\"description\":\"Mentions l\u00e9gales du m\u00e9dia suisse de d\u00e9bat Le Regard Libre. Contenus, programmation Web, illustrations et avis juridique.\",\"breadcrumb\":{\"@id\":\"https:\\\/\\\/leregardlibre.com\\\/mentions-legales\\\/#breadcrumb\"},\"inLanguage\":\"de\",\"potentialAction\":[{\"@type\":\"ReadAction\",\"target\":[\"https:\\\/\\\/leregardlibre.com\\\/mentions-legales\\\/\"]}]},{\"@type\":\"BreadcrumbList\",\"@id\":\"https:\\\/\\\/leregardlibre.com\\\/mentions-legales\\\/#breadcrumb\",\"itemListElement\":[{\"@type\":\"ListItem\",\"position\":1,\"name\":\"Accueil\",\"item\":\"https:\\\/\\\/leregardlibre.com\\\/\"},{\"@type\":\"ListItem\",\"position\":2,\"name\":\"Mentions l\u00e9gales\"}]},{\"@type\":\"WebSite\",\"@id\":\"https:\\\/\\\/leregardlibre.com\\\/#website\",\"url\":\"https:\\\/\\\/leregardlibre.com\\\/\",\"name\":\"Le Regard Libre\",\"description\":\"Premier mensuel suisse de d\u00e9bat\",\"publisher\":{\"@id\":\"https:\\\/\\\/leregardlibre.com\\\/#organization\"},\"potentialAction\":[{\"@type\":\"SearchAction\",\"target\":{\"@type\":\"EntryPoint\",\"urlTemplate\":\"https:\\\/\\\/leregardlibre.com\\\/?s={search_term_string}\"},\"query-input\":{\"@type\":\"PropertyValueSpecification\",\"valueRequired\":true,\"valueName\":\"search_term_string\"}}],\"inLanguage\":\"de\"},{\"@type\":\"Organization\",\"@id\":\"https:\\\/\\\/leregardlibre.com\\\/#organization\",\"name\":\"Le Regard Libre\",\"url\":\"https:\\\/\\\/leregardlibre.com\\\/\",\"logo\":{\"@type\":\"ImageObject\",\"inLanguage\":\"de\",\"@id\":\"https:\\\/\\\/leregardlibre.com\\\/#\\\/schema\\\/logo\\\/image\\\/\",\"url\":\"https:\\\/\\\/leregardlibre.com\\\/wp-content\\\/uploads\\\/2025\\\/08\\\/logo-rl-icone-neg.jpeg\",\"contentUrl\":\"https:\\\/\\\/leregardlibre.com\\\/wp-content\\\/uploads\\\/2025\\\/08\\\/logo-rl-icone-neg.jpeg\",\"width\":557,\"height\":556,\"caption\":\"Le Regard Libre\"},\"image\":{\"@id\":\"https:\\\/\\\/leregardlibre.com\\\/#\\\/schema\\\/logo\\\/image\\\/\"},\"sameAs\":[\"https:\\\/\\\/www.facebook.com\\\/leregardlibre\\\/\",\"https:\\\/\\\/x.com\\\/LeRegardLibre\",\"https:\\\/\\\/www.linkedin.com\\\/company\\\/le-regard-libre\",\"https:\\\/\\\/www.instagram.com\\\/leregardlibre\\\/\",\"http:\\\/\\\/t.me\\\/leregardlibre\",\"https:\\\/\\\/youtube.com\\\/channel\\\/UC6HzGPomj1LsUmlz-sJtITQ\"],\"description\":\"Le Regard Libre est un mensuel suisse de d\u00e9bat intellectuel et culturel. Sa r\u00e9daction est jeune, b\u00e9n\u00e9vole, lib\u00e9rale et pluraliste. Le magazine para\u00eet en ligne et sous forme papier. Sa langue est le fran\u00e7ais.\",\"email\":\"redaction@leregardlibre.com\",\"legalName\":\"Le Regard Libre\",\"foundingDate\":\"2014-01-01\",\"numberOfEmployees\":{\"@type\":\"QuantitativeValue\",\"minValue\":\"11\",\"maxValue\":\"50\"},\"publishingPrinciples\":\"https:\\\/\\\/leregardlibre.com\\\/a-propos\\\/notre-manifeste\\\/\",\"ownershipFundingInfo\":\"https:\\\/\\\/leregardlibre.com\\\/mentions-legales\\\/\",\"actionableFeedbackPolicy\":\"https:\\\/\\\/leregardlibre.com\\\/conditions-generales-de-vente\\\/\"}]}<\/script>\n<!-- \/ Yoast SEO Premium plugin. -->","yoast_head_json":{"title":"Rechtliche Hinweise | Le Regard Libre","description":"Rechtliche Hinweise des Schweizer Debattenmediums Le Regard Libre. Inhalte, Webprogrammierung, Illustrationen und Rechtsgutachten.","robots":{"index":"index","follow":"follow","max-snippet":"max-snippet:-1","max-image-preview":"max-image-preview:large","max-video-preview":"max-video-preview:-1"},"canonical":"https:\/\/leregardlibre.com\/de\/rechtliche-hinweise\/","og_locale":"de_DE","og_type":"article","og_title":"Mentions l\u00e9gales","og_description":"Mentions l\u00e9gales du m\u00e9dia suisse de d\u00e9bat Le Regard Libre. Contenus, programmation Web, illustrations et avis juridique.","og_url":"https:\/\/leregardlibre.com\/de\/rechtliche-hinweise\/","og_site_name":"Le Regard Libre","article_publisher":"https:\/\/www.facebook.com\/leregardlibre\/","article_modified_time":"2026-03-02T14:52:46+00:00","og_image":[{"width":2154,"height":1264,"url":"https:\/\/leregardlibre.com\/wp-content\/uploads\/2025\/11\/rl_logo_1a-e1762609033480.jpg","type":"image\/jpeg"}],"twitter_card":"summary_large_image","twitter_site":"@LeRegardLibre","twitter_misc":{"Gesch\u00e4tzte Lesezeit":"1\u00a0Minute"},"schema":{"@context":"https:\/\/schema.org","@graph":[{"@type":"WebPage","@id":"https:\/\/leregardlibre.com\/mentions-legales\/","url":"https:\/\/leregardlibre.com\/mentions-legales\/","name":"Rechtliche Hinweise | Le Regard Libre","isPartOf":{"@id":"https:\/\/leregardlibre.com\/#website"},"datePublished":"2022-07-13T13:13:35+00:00","dateModified":"2026-03-02T14:52:46+00:00","description":"Rechtliche Hinweise des Schweizer Debattenmediums Le Regard Libre. Inhalte, Webprogrammierung, Illustrationen und Rechtsgutachten.","breadcrumb":{"@id":"https:\/\/leregardlibre.com\/mentions-legales\/#breadcrumb"},"inLanguage":"de","potentialAction":[{"@type":"ReadAction","target":["https:\/\/leregardlibre.com\/mentions-legales\/"]}]},{"@type":"BreadcrumbList","@id":"https:\/\/leregardlibre.com\/mentions-legales\/#breadcrumb","itemListElement":[{"@type":"ListItem","position":1,"name":"Accueil","item":"https:\/\/leregardlibre.com\/"},{"@type":"ListItem","position":2,"name":"Mentions l\u00e9gales"}]},{"@type":"WebSite","@id":"https:\/\/leregardlibre.com\/#website","url":"https:\/\/leregardlibre.com\/","name":"Le Regard Libre","description":"Erste Schweizer Monatszeitschrift f\u00fcr Debatten","publisher":{"@id":"https:\/\/leregardlibre.com\/#organization"},"potentialAction":[{"@type":"SearchAction","target":{"@type":"EntryPoint","urlTemplate":"https:\/\/leregardlibre.com\/?s={search_term_string}"},"query-input":{"@type":"PropertyValueSpecification","valueRequired":true,"valueName":"search_term_string"}}],"inLanguage":"de"},{"@type":"Organization","@id":"https:\/\/leregardlibre.com\/#organization","name":"Le Regard Libre","url":"https:\/\/leregardlibre.com\/","logo":{"@type":"ImageObject","inLanguage":"de","@id":"https:\/\/leregardlibre.com\/#\/schema\/logo\/image\/","url":"https:\/\/leregardlibre.com\/wp-content\/uploads\/2025\/08\/logo-rl-icone-neg.jpeg","contentUrl":"https:\/\/leregardlibre.com\/wp-content\/uploads\/2025\/08\/logo-rl-icone-neg.jpeg","width":557,"height":556,"caption":"Le Regard Libre"},"image":{"@id":"https:\/\/leregardlibre.com\/#\/schema\/logo\/image\/"},"sameAs":["https:\/\/www.facebook.com\/leregardlibre\/","https:\/\/x.com\/LeRegardLibre","https:\/\/www.linkedin.com\/company\/le-regard-libre","https:\/\/www.instagram.com\/leregardlibre\/","http:\/\/t.me\/leregardlibre","https:\/\/youtube.com\/channel\/UC6HzGPomj1LsUmlz-sJtITQ"],"description":"Le Regard Libre ist eine Schweizer Monatszeitschrift f\u00fcr intellektuelle und kulturelle Debatten. Seine Redaktion ist jung, ehrenamtlich, liberal und pluralistisch. Das Magazin erscheint online und in gedruckter Form. Seine Sprache ist Franz\u00f6sisch.","email":"redaction@leregardlibre.com","legalName":"Le Regard Libre","foundingDate":"2014-01-01","numberOfEmployees":{"@type":"QuantitativeValue","minValue":"11","maxValue":"50"},"publishingPrinciples":"https:\/\/leregardlibre.com\/a-propos\/notre-manifeste\/","ownershipFundingInfo":"https:\/\/leregardlibre.com\/mentions-legales\/","actionableFeedbackPolicy":"https:\/\/leregardlibre.com\/conditions-generales-de-vente\/"}]}},"_links":{"self":[{"href":"https:\/\/leregardlibre.com\/de\/wp-json\/wp\/v2\/pages\/50339","targetHints":{"allow":["GET"]}}],"collection":[{"href":"https:\/\/leregardlibre.com\/de\/wp-json\/wp\/v2\/pages"}],"about":[{"href":"https:\/\/leregardlibre.com\/de\/wp-json\/wp\/v2\/types\/page"}],"author":[{"embeddable":true,"href":"https:\/\/leregardlibre.com\/de\/wp-json\/wp\/v2\/users\/1"}],"replies":[{"embeddable":true,"href":"https:\/\/leregardlibre.com\/de\/wp-json\/wp\/v2\/comments?post=50339"}],"version-history":[{"count":2,"href":"https:\/\/leregardlibre.com\/de\/wp-json\/wp\/v2\/pages\/50339\/revisions"}],"predecessor-version":[{"id":524550,"href":"https:\/\/leregardlibre.com\/de\/wp-json\/wp\/v2\/pages\/50339\/revisions\/524550"}],"wp:attachment":[{"href":"https:\/\/leregardlibre.com\/de\/wp-json\/wp\/v2\/media?parent=50339"}],"curies":[{"name":"wp","href":"https:\/\/api.w.org\/{rel}","templated":true}]}}

<h2 class="wp-block-heading" id="h-contenus">Inhalte</h2>



<p>Le Regard Libre<br>Postfach<br>2002 Neuchâtel 2<br><a href="mailto:redaction@leregardlibre.com">info@leregardlibre.co</a><a href="mailto:info@leregardlibre.com">m</a></p>



<h2 class="wp-block-heading" id="h-programmation-web">Web-Programmierung</h2>



<p>Novadev GmbH<br>Les Places 38<br>2855 Glovelier<br><a href="http://www.novadev.ch/">www.novadev.ch</a></p>



<h2 class="wp-block-heading" id="h-illustrations">Illustrationen</h2>



<p>Alle Bilder (einschließlich des Logos) auf der Website sind urheberrechtlich geschützt.</p>



<h2 class="wp-block-heading" id="h-avis-juridique">Rechtliche Hinweise</h2>



<p>Weder Le Regard Libre noch Novadev Sàrl übernehmen eine Gewähr für die Aktualität, Richtigkeit und Vollständigkeit der bereitgestellten Informationen und Daten. Dies gilt auch für alle anderen Websites, auf die direkt oder indirekt per Hyperlink verwiesen wird. Weder Le Regard Libre noch Novadev Sàrl sind für den Inhalt, der auf externen Websites verwendet wird, verantwortlich.</p>

<p>Contenus Le Regard LibreCase postale2002 Neuchâtel 2info@leregardlibre.com Programmation web Novadev SàrlLes Places 382855 Glovelierwww.novadev.ch Illustrations Toutes les images (y compris&#8230;</p>

<!-- This site is optimized with the Yoast SEO Premium plugin v27.4 (Yoast SEO v27.4) - https://yoast.com/product/yoast-seo-premium-wordpress/ -->
<title>Mentions légales | Le Regard Libre</title>
<meta name="description" content="Mentions légales du média suisse de débat Le Regard Libre. Contenus, programmation Web, illustrations et avis juridique." />
<meta name="robots" content="index, follow, max-snippet:-1, max-image-preview:large, max-video-preview:-1" />
<link rel="canonical" href="https://leregardlibre.com/de/rechtliche-hinweise/" />
<meta property="og:locale" content="de_DE" />
<meta property="og:type" content="article" />
<meta property="og:title" content="Mentions légales" />
<meta property="og:description" content="Mentions légales du média suisse de débat Le Regard Libre. Contenus, programmation Web, illustrations et avis juridique." />
<meta property="og:url" content="https://leregardlibre.com/de/rechtliche-hinweise/" />
<meta property="og:site_name" content="Le Regard Libre" />
<meta property="article:publisher" content="https://www.facebook.com/leregardlibre/" />
<meta property="article:modified_time" content="2026-03-02T14:52:46+00:00" />
<meta property="og:image" content="https://leregardlibre.com/wp-content/uploads/2025/11/rl_logo_1a-e1762609033480.jpg" />
	<meta property="og:image:width" content="2154" />
	<meta property="og:image:height" content="1264" />
	<meta property="og:image:type" content="image/jpeg" />
<meta name="twitter:card" content="summary_large_image" />
<meta name="twitter:site" content="@LeRegardLibre" />
<meta name="twitter:label1" content="Geschätzte Lesezeit" />
	<meta name="twitter:data1" content="1 Minute" />
<script type="application/ld+json" class="yoast-schema-graph">{"@context":"https:\/\/schema.org","@graph":[{"@type":"WebPage","@id":"https:\/\/leregardlibre.com\/mentions-legales\/","url":"https:\/\/leregardlibre.com\/mentions-legales\/","name":"Mentions légales | Le Regard Libre","isPartOf":{"@id":"https:\/\/leregardlibre.com\/#website"},"datePublished":"2022-07-13T13:13:35+00:00","dateModified":"2026-03-02T14:52:46+00:00","description":"Mentions légales du média suisse de débat Le Regard Libre. Contenus, programmation Web, illustrations et avis juridique.","breadcrumb":{"@id":"https:\/\/leregardlibre.com\/mentions-legales\/#breadcrumb"},"inLanguage":"de","potentialAction":[{"@type":"ReadAction","target":["https:\/\/leregardlibre.com\/mentions-legales\/"]}]},{"@type":"BreadcrumbList","@id":"https:\/\/leregardlibre.com\/mentions-legales\/#breadcrumb","itemListElement":[{"@type":"ListItem","position":1,"name":"Accueil","item":"https:\/\/leregardlibre.com\/"},{"@type":"ListItem","position":2,"name":"Mentions légales"}]},{"@type":"WebSite","@id":"https:\/\/leregardlibre.com\/#website","url":"https:\/\/leregardlibre.com\/","name":"Le Regard Libre","description":"Premier mensuel suisse de débat","publisher":{"@id":"https:\/\/leregardlibre.com\/#organization"},"potentialAction":[{"@type":"SearchAction","target":{"@type":"EntryPoint","urlTemplate":"https:\/\/leregardlibre.com\/?s={search_term_string}"},"query-input":{"@type":"PropertyValueSpecification","valueRequired":true,"valueName":"search_term_string"}}],"inLanguage":"de"},{"@type":"Organization","@id":"https:\/\/leregardlibre.com\/#organization","name":"Le Regard Libre","url":"https:\/\/leregardlibre.com\/","logo":{"@type":"ImageObject","inLanguage":"de","@id":"https:\/\/leregardlibre.com\/#\/schema\/logo\/image\/","url":"https:\/\/leregardlibre.com\/wp-content\/uploads\/2025\/08\/logo-rl-icone-neg.jpeg","contentUrl":"https:\/\/leregardlibre.com\/wp-content\/uploads\/2025\/08\/logo-rl-icone-neg.jpeg","width":557,"height":556,"caption":"Le Regard Libre"},"image":{"@id":"https:\/\/leregardlibre.com\/#\/schema\/logo\/image\/"},"sameAs":["https:\/\/www.facebook.com\/leregardlibre\/","https:\/\/x.com\/LeRegardLibre","https:\/\/www.linkedin.com\/company\/le-regard-libre","https:\/\/www.instagram.com\/leregardlibre\/","http:\/\/t.me\/leregardlibre","https:\/\/youtube.com\/channel\/UC6HzGPomj1LsUmlz-sJtITQ"],"description":"Le Regard Libre est un mensuel suisse de débat intellectuel et culturel. Sa rédaction est jeune, bénévole, libérale et pluraliste. Le magazine paraît en ligne et sous forme papier. Sa langue est le français.","email":"redaction@leregardlibre.com","legalName":"Le Regard Libre","foundingDate":"2014-01-01","numberOfEmployees":{"@type":"QuantitativeValue","minValue":"11","maxValue":"50"},"publishingPrinciples":"https:\/\/leregardlibre.com\/a-propos\/notre-manifeste\/","ownershipFundingInfo":"https:\/\/leregardlibre.com\/mentions-legales\/","actionableFeedbackPolicy":"https:\/\/leregardlibre.com\/conditions-generales-de-vente\/"}]}</script>
<!-- / Yoast SEO Premium plugin. -->

Mentions légales

Mentions légales du média suisse de débat Le Regard Libre. Contenus, programmation Web, illustrations et avis juridique.

Erste Schweizer Monatszeitschrift für Debatten

Le Regard Libre ist eine Schweizer Monatszeitschrift für intellektuelle und kulturelle Debatten. Seine Redaktion ist jung, ehrenamtlich, liberal und pluralistisch. Das Magazin erscheint online und in gedruckter Form. Seine Sprache ist Französisch.
