{"version":"1.0","provider_name":"Le Regard Libre","provider_url":"https:\/\/leregardlibre.com\/en","title":"Yann Moix, Mehdi Meklat: les similitudes","type":"rich","width":600,"height":338,"html":"<blockquote class=\"wp-embedded-content\" data-secret=\"UDGD6c7OU3\"><a href=\"https:\/\/leregardlibre.com\/en\/company\/yann-moix-mehdi-meklat-les-similitudes\/\">Yann Moix, Mehdi Meklat: the similarities<\/a><\/blockquote><iframe sandbox=\"allow-scripts\" security=\"restricted\" src=\"https:\/\/leregardlibre.com\/en\/company\/yann-moix-mehdi-meklat-les-similitudes\/embed\/#?secret=UDGD6c7OU3\" width=\"600\" height=\"338\" title=\"&#8220;Yann Moix, Mehdi Meklat: les similitudes&#8221; &#8212; Le Regard Libre\" data-secret=\"UDGD6c7OU3\" frameborder=\"0\" marginwidth=\"0\" marginheight=\"0\" scrolling=\"no\" class=\"wp-embedded-content\"><\/iframe><script>\n\/*! This file is auto-generated *\/\n!function(d,l){\"use strict\";l.querySelector&&d.addEventListener&&\"undefined\"!=typeof URL&&(d.wp=d.wp||{},d.wp.receiveEmbedMessage||(d.wp.receiveEmbedMessage=function(e){var t=e.data;if((t||t.secret||t.message||t.value)&&!\/[^a-zA-Z0-9]\/.test(t.secret)){for(var s,r,n,a=l.querySelectorAll('iframe[data-secret=\"'+t.secret+'\"]'),o=l.querySelectorAll('blockquote[data-secret=\"'+t.secret+'\"]'),c=new RegExp(\"^https?:$\",\"i\"),i=0;i<o.length;i++)o[i].style.display=\"none\";for(i=0;i<a.length;i++)s=a[i],e.source===s.contentWindow&&(s.removeAttribute(\"style\"),\"height\"===t.message?(1e3<(r=parseInt(t.value,10))?r=1e3:~~r<200&&(r=200),s.height=r):\"link\"===t.message&&(r=new URL(s.getAttribute(\"src\")),n=new URL(t.value),c.test(n.protocol))&&n.host===r.host&&l.activeElement===s&&(d.top.location.href=t.value))}},d.addEventListener(\"message\",d.wp.receiveEmbedMessage,!1),l.addEventListener(\"DOMContentLoaded\",function(){for(var e,t,s=l.querySelectorAll(\"iframe.wp-embedded-content\"),r=0;r<s.length;r++)(t=(e=s[r]).getAttribute(\"data-secret\"))||(t=Math.random().toString(36).substring(2,12),e.src+=\"#?secret=\"+t,e.setAttribute(\"data-secret\",t)),e.contentWindow.postMessage({message:\"ready\",secret:t},\"*\")},!1)))}(window,document);\n\/\/# sourceURL=https:\/\/leregardlibre.com\/wp-includes\/js\/wp-embed.min.js\n<\/script>","thumbnail_url":"https:\/\/leregardlibre.com\/wp-content\/uploads\/2019\/08\/Yann-Moix.jpg","thumbnail_width":1324,"thumbnail_height":644,"description":"L\u2019antis\u00e9mitisme est combattu presque partout dans le monde. Particuli\u00e8rement en France, o\u00f9 il est associ\u00e9 \u00e0 la collaboration. Personne ne se dit antis\u00e9mite. M\u00eame ceux qui tiennent des propos de cette nature."}

L’antisémitisme est combattu presque partout dans le monde. Particulièrement en France, où il est associé à la collaboration. Personne ne se dit antisémite. Même ceux qui tiennent des propos de cette nature.
