{"version":"1.0","provider_name":"Le Regard Libre","provider_url":"https:\/\/leregardlibre.com\/en","title":"Le FestYmalt a souffl\u00e9 sa quatri\u00e8me bougie","type":"rich","width":600,"height":338,"html":"<blockquote class=\"wp-embedded-content\" data-secret=\"0uKzDfncXh\"><a href=\"https:\/\/leregardlibre.com\/en\/gastronomy\/le-festymalt-a-souffle-sa-quatrieme-bougie\/\">FestYmalt blows out its fourth candle<\/a><\/blockquote><iframe sandbox=\"allow-scripts\" security=\"restricted\" src=\"https:\/\/leregardlibre.com\/en\/gastronomy\/le-festymalt-a-souffle-sa-quatrieme-bougie\/embed\/#?secret=0uKzDfncXh\" width=\"600\" height=\"338\" title=\"&#8220;Le FestYmalt a souffl\u00e9 sa quatri\u00e8me bougie&#8221; &#8212; Le Regard Libre\" data-secret=\"0uKzDfncXh\" frameborder=\"0\" marginwidth=\"0\" marginheight=\"0\" scrolling=\"no\" class=\"wp-embedded-content\"><\/iframe><script>\n\/*! This file is auto-generated *\/\n!function(d,l){\"use strict\";l.querySelector&&d.addEventListener&&\"undefined\"!=typeof URL&&(d.wp=d.wp||{},d.wp.receiveEmbedMessage||(d.wp.receiveEmbedMessage=function(e){var t=e.data;if((t||t.secret||t.message||t.value)&&!\/[^a-zA-Z0-9]\/.test(t.secret)){for(var s,r,n,a=l.querySelectorAll('iframe[data-secret=\"'+t.secret+'\"]'),o=l.querySelectorAll('blockquote[data-secret=\"'+t.secret+'\"]'),c=new RegExp(\"^https?:$\",\"i\"),i=0;i<o.length;i++)o[i].style.display=\"none\";for(i=0;i<a.length;i++)s=a[i],e.source===s.contentWindow&&(s.removeAttribute(\"style\"),\"height\"===t.message?(1e3<(r=parseInt(t.value,10))?r=1e3:~~r<200&&(r=200),s.height=r):\"link\"===t.message&&(r=new URL(s.getAttribute(\"src\")),n=new URL(t.value),c.test(n.protocol))&&n.host===r.host&&l.activeElement===s&&(d.top.location.href=t.value))}},d.addEventListener(\"message\",d.wp.receiveEmbedMessage,!1),l.addEventListener(\"DOMContentLoaded\",function(){for(var e,t,s=l.querySelectorAll(\"iframe.wp-embedded-content\"),r=0;r<s.length;r++)(t=(e=s[r]).getAttribute(\"data-secret\"))||(t=Math.random().toString(36).substring(2,12),e.src+=\"#?secret=\"+t,e.setAttribute(\"data-secret\",t)),e.contentWindow.postMessage({message:\"ready\",secret:t},\"*\")},!1)))}(window,document);\n\/\/# sourceURL=https:\/\/leregardlibre.com\/wp-includes\/js\/wp-embed.min.js\n<\/script>","thumbnail_url":"https:\/\/leregardlibre.com\/wp-content\/uploads\/2019\/10\/FestYmalt.jpeg","thumbnail_width":2048,"thumbnail_height":1501,"description":"Depuis ses d\u00e9buts en 2016, l\u2019association FestYmalt, bas\u00e9e \u00e0 Yverdon, n\u2019a eu de cesse de promouvoir la sc\u00e8ne brassicole suisse, avec l\u2019ambition de combler aussi bien les amateurs confirm\u00e9s que les n\u00e9ophytes curieux \u00abqui, apr\u00e8s cette journ\u00e9e, ne boiront plus jamais une bi\u00e8re de la m\u00eame fa\u00e7on\u00bb, annoncent les organisateurs. Retour sur une \u00e9dition 2019 des plus savoureuses."}

Le FestYmalt a soufflé sa quatrième bougie

<blockquote class="wp-embedded-content" data-secret="0uKzDfncXh"><a href="https://leregardlibre.com/en/gastronomy/le-festymalt-a-souffle-sa-quatrieme-bougie/">FestYmalt blows out its fourth candle</a></blockquote><iframe sandbox="allow-scripts" security="restricted" src="https://leregardlibre.com/en/gastronomy/le-festymalt-a-souffle-sa-quatrieme-bougie/embed/#?secret=0uKzDfncXh" width="600" height="338" title="&#8220;Le FestYmalt a soufflé sa quatrième bougie&#8221; &#8212; Le Regard Libre" data-secret="0uKzDfncXh" frameborder="0" marginwidth="0" marginheight="0" scrolling="no" class="wp-embedded-content"></iframe><script>
/*! This file is auto-generated */
!function(d,l){"use strict";l.querySelector&&d.addEventListener&&"undefined"!=typeof URL&&(d.wp=d.wp||{},d.wp.receiveEmbedMessage||(d.wp.receiveEmbedMessage=function(e){var t=e.data;if((t||t.secret||t.message||t.value)&&!/[^a-zA-Z0-9]/.test(t.secret)){for(var s,r,n,a=l.querySelectorAll('iframe[data-secret="'+t.secret+'"]'),o=l.querySelectorAll('blockquote[data-secret="'+t.secret+'"]'),c=new RegExp("^https?:$","i"),i=0;i<o.length;i++)o[i].style.display="none";for(i=0;i<a.length;i++)s=a[i],e.source===s.contentWindow&&(s.removeAttribute("style"),"height"===t.message?(1e3<(r=parseInt(t.value,10))?r=1e3:~~r<200&&(r=200),s.height=r):"link"===t.message&&(r=new URL(s.getAttribute("src")),n=new URL(t.value),c.test(n.protocol))&&n.host===r.host&&l.activeElement===s&&(d.top.location.href=t.value))}},d.addEventListener("message",d.wp.receiveEmbedMessage,!1),l.addEventListener("DOMContentLoaded",function(){for(var e,t,s=l.querySelectorAll("iframe.wp-embedded-content"),r=0;r<s.length;r++)(t=(e=s[r]).getAttribute("data-secret"))||(t=Math.random().toString(36).substring(2,12),e.src+="#?secret="+t,e.setAttribute("data-secret",t)),e.contentWindow.postMessage({message:"ready",secret:t},"*")},!1)))}(window,document);
//# sourceURL=https://leregardlibre.com/wp-includes/js/wp-embed.min.js
</script>

Depuis ses débuts en 2016, l’association FestYmalt, basée à Yverdon, n’a eu de cesse de promouvoir la scène brassicole suisse, avec l’ambition de combler aussi bien les amateurs confirmés que les néophytes curieux «qui, après cette journée, ne boiront plus jamais une bière de la même façon», annoncent les organisateurs. Retour sur une édition 2019 des plus savoureuses.
