{"version":"1.0","provider_name":"Le Regard Libre","provider_url":"https:\/\/leregardlibre.com\/en","title":"L\u2019immigration au c\u0153ur de la pr\u00e9sidentielle fran\u00e7aise: le point par candidat","type":"rich","width":600,"height":338,"html":"<blockquote class=\"wp-embedded-content\" data-secret=\"Ym3YX6uhsq\"><a href=\"https:\/\/leregardlibre.com\/en\/policy\/france\/immigration-au-coeur-de-la-presidentielle-francaise\/\">Immigration at the heart of the French presidential election: an update by candidate<\/a><\/blockquote><iframe sandbox=\"allow-scripts\" security=\"restricted\" src=\"https:\/\/leregardlibre.com\/en\/policy\/france\/immigration-au-coeur-de-la-presidentielle-francaise\/embed\/#?secret=Ym3YX6uhsq\" width=\"600\" height=\"338\" title=\"&#8220;L\u2019immigration au c\u0153ur de la pr\u00e9sidentielle fran\u00e7aise: le point par candidat&#8221; &#8212; Le Regard Libre\" data-secret=\"Ym3YX6uhsq\" frameborder=\"0\" marginwidth=\"0\" marginheight=\"0\" scrolling=\"no\" class=\"wp-embedded-content\"><\/iframe><script>\n\/*! This file is auto-generated *\/\n!function(d,l){\"use strict\";l.querySelector&&d.addEventListener&&\"undefined\"!=typeof URL&&(d.wp=d.wp||{},d.wp.receiveEmbedMessage||(d.wp.receiveEmbedMessage=function(e){var t=e.data;if((t||t.secret||t.message||t.value)&&!\/[^a-zA-Z0-9]\/.test(t.secret)){for(var s,r,n,a=l.querySelectorAll('iframe[data-secret=\"'+t.secret+'\"]'),o=l.querySelectorAll('blockquote[data-secret=\"'+t.secret+'\"]'),c=new RegExp(\"^https?:$\",\"i\"),i=0;i<o.length;i++)o[i].style.display=\"none\";for(i=0;i<a.length;i++)s=a[i],e.source===s.contentWindow&&(s.removeAttribute(\"style\"),\"height\"===t.message?(1e3<(r=parseInt(t.value,10))?r=1e3:~~r<200&&(r=200),s.height=r):\"link\"===t.message&&(r=new URL(s.getAttribute(\"src\")),n=new URL(t.value),c.test(n.protocol))&&n.host===r.host&&l.activeElement===s&&(d.top.location.href=t.value))}},d.addEventListener(\"message\",d.wp.receiveEmbedMessage,!1),l.addEventListener(\"DOMContentLoaded\",function(){for(var e,t,s=l.querySelectorAll(\"iframe.wp-embedded-content\"),r=0;r<s.length;r++)(t=(e=s[r]).getAttribute(\"data-secret\"))||(t=Math.random().toString(36).substring(2,12),e.src+=\"#?secret=\"+t,e.setAttribute(\"data-secret\",t)),e.contentWindow.postMessage({message:\"ready\",secret:t},\"*\")},!1)))}(window,document);\n\/\/# sourceURL=https:\/\/leregardlibre.com\/wp-includes\/js\/wp-embed.min.js\n<\/script>","thumbnail_url":"https:\/\/leregardlibre.com\/wp-content\/uploads\/2022\/02\/E\u0301ric-Zemmour-lors-de-son-premier-meeting-de-campagne-en-vue-de-le\u0301lection-pre\u0301sidentielle-de-2022-au-parc-des-Expositions-de-Villepinte-\u00a9-Wikimedia-CC-4.0-1056033241-1643680351835.jpeg","thumbnail_width":2560,"thumbnail_height":1440,"description":"L'immigration. Sujet de pr\u00e9dilection \u00e0 droite, engageant des r\u00e9actions plus ou moins habiles \u00e0 gauche. A 67 jours du premier tour, quel bilan?"}

L’immigration au cœur de la présidentielle française: le point par candidat

<blockquote class="wp-embedded-content" data-secret="Ym3YX6uhsq"><a href="https://leregardlibre.com/en/policy/france/immigration-au-coeur-de-la-presidentielle-francaise/">Immigration at the heart of the French presidential election: an update by candidate</a></blockquote><iframe sandbox="allow-scripts" security="restricted" src="https://leregardlibre.com/en/policy/france/immigration-au-coeur-de-la-presidentielle-francaise/embed/#?secret=Ym3YX6uhsq" width="600" height="338" title="&#8220;L’immigration au cœur de la présidentielle française: le point par candidat&#8221; &#8212; Le Regard Libre" data-secret="Ym3YX6uhsq" frameborder="0" marginwidth="0" marginheight="0" scrolling="no" class="wp-embedded-content"></iframe><script>
/*! This file is auto-generated */
!function(d,l){"use strict";l.querySelector&&d.addEventListener&&"undefined"!=typeof URL&&(d.wp=d.wp||{},d.wp.receiveEmbedMessage||(d.wp.receiveEmbedMessage=function(e){var t=e.data;if((t||t.secret||t.message||t.value)&&!/[^a-zA-Z0-9]/.test(t.secret)){for(var s,r,n,a=l.querySelectorAll('iframe[data-secret="'+t.secret+'"]'),o=l.querySelectorAll('blockquote[data-secret="'+t.secret+'"]'),c=new RegExp("^https?:$","i"),i=0;i<o.length;i++)o[i].style.display="none";for(i=0;i<a.length;i++)s=a[i],e.source===s.contentWindow&&(s.removeAttribute("style"),"height"===t.message?(1e3<(r=parseInt(t.value,10))?r=1e3:~~r<200&&(r=200),s.height=r):"link"===t.message&&(r=new URL(s.getAttribute("src")),n=new URL(t.value),c.test(n.protocol))&&n.host===r.host&&l.activeElement===s&&(d.top.location.href=t.value))}},d.addEventListener("message",d.wp.receiveEmbedMessage,!1),l.addEventListener("DOMContentLoaded",function(){for(var e,t,s=l.querySelectorAll("iframe.wp-embedded-content"),r=0;r<s.length;r++)(t=(e=s[r]).getAttribute("data-secret"))||(t=Math.random().toString(36).substring(2,12),e.src+="#?secret="+t,e.setAttribute("data-secret",t)),e.contentWindow.postMessage({message:"ready",secret:t},"*")},!1)))}(window,document);
//# sourceURL=https://leregardlibre.com/wp-includes/js/wp-embed.min.js
</script>

L'immigration. Sujet de prédilection à droite, engageant des réactions plus ou moins habiles à gauche. A 67 jours du premier tour, quel bilan?
