{"id":50339,"date":"2022-07-13T15:13:35","date_gmt":"2022-07-13T13:13:35","guid":{"rendered":"https:\/\/leregardlibre.com\/?page_id=50339"},"modified":"2026-03-02T15:52:46","modified_gmt":"2026-03-02T14:52:46","slug":"legal-notice","status":"publish","type":"page","link":"https:\/\/leregardlibre.com\/en\/legal-notice\/","title":{"rendered":"Terms of use"},"content":{"rendered":"<h2 class=\"wp-block-heading\" id=\"h-contenus\">Contents<\/h2>\n\n\n\n<p>Le Regard Libre<br>P.O. Box<br>2002 Neuch\u00e2tel 2<br><a href=\"mailto:redaction@leregardlibre.com\">info@leregardlibre.co<\/a><a href=\"mailto:info@leregardlibre.com\">m<\/a><\/p>\n\n\n\n<h2 class=\"wp-block-heading\" id=\"h-programmation-web\">Web programming<\/h2>\n\n\n\n<p>Novadev S\u00e0rl<br>Les Places 38<br>2855 Glovelier<br><a href=\"http:\/\/www.novadev.ch\/\">www.novadev.ch<\/a><\/p>\n\n\n\n<h2 class=\"wp-block-heading\" id=\"h-illustrations\">Illustrations<\/h2>\n\n\n\n<p>All images (including the logo) on the website are protected by copyright.<\/p>\n\n\n\n<h2 class=\"wp-block-heading\" id=\"h-avis-juridique\">Legal notice<\/h2>\n\n\n\n<p>Neither Le Regard Libre nor Novadev S\u00e0rl can guarantee the topicality, accuracy or completeness of the information and data provided. This also applies to all other websites referred to, directly or indirectly, by hyperlink. Neither Le Regard Libre nor Novadev S\u00e0rl are responsible for the content of external websites.<\/p>","protected":false},"excerpt":{"rendered":"<p>Contenus Le Regard LibreCase postale2002 Neuch\u00e2tel 2info@leregardlibre.com Programmation web Novadev S\u00e0rlLes Places 382855 Glovelierwww.novadev.ch Illustrations Toutes les images (y compris&#8230;<\/p>","protected":false},"author":1,"featured_media":0,"parent":0,"menu_order":0,"comment_status":"closed","ping_status":"closed","template":"","meta":{"_acf_changed":false,"footnotes":""},"class_list":["post-50339","page","type-page","status-publish","hentry"],"acf":[],"yoast_head":"<!-- This site is optimized with the Yoast SEO Premium plugin v27.4 (Yoast SEO v27.4) - https:\/\/yoast.com\/product\/yoast-seo-premium-wordpress\/ -->\n<title>Mentions l\u00e9gales | Le Regard Libre<\/title>\n<meta name=\"description\" content=\"Mentions l\u00e9gales du m\u00e9dia suisse de d\u00e9bat Le Regard Libre. Contenus, programmation Web, illustrations et avis juridique.\" \/>\n<meta name=\"robots\" content=\"index, follow, max-snippet:-1, max-image-preview:large, max-video-preview:-1\" \/>\n<link rel=\"canonical\" href=\"https:\/\/leregardlibre.com\/en\/legal-notice\/\" \/>\n<meta property=\"og:locale\" content=\"en_US\" \/>\n<meta property=\"og:type\" content=\"article\" \/>\n<meta property=\"og:title\" content=\"Mentions l\u00e9gales\" \/>\n<meta property=\"og:description\" content=\"Mentions l\u00e9gales du m\u00e9dia suisse de d\u00e9bat Le Regard Libre. Contenus, programmation Web, illustrations et avis juridique.\" \/>\n<meta property=\"og:url\" content=\"https:\/\/leregardlibre.com\/en\/legal-notice\/\" \/>\n<meta property=\"og:site_name\" content=\"Le Regard Libre\" \/>\n<meta property=\"article:publisher\" content=\"https:\/\/www.facebook.com\/leregardlibre\/\" \/>\n<meta property=\"article:modified_time\" content=\"2026-03-02T14:52:46+00:00\" \/>\n<meta property=\"og:image\" content=\"https:\/\/leregardlibre.com\/wp-content\/uploads\/2025\/11\/rl_logo_1a-e1762609033480.jpg\" \/>\n\t<meta property=\"og:image:width\" content=\"2154\" \/>\n\t<meta property=\"og:image:height\" content=\"1264\" \/>\n\t<meta property=\"og:image:type\" content=\"image\/jpeg\" \/>\n<meta name=\"twitter:card\" content=\"summary_large_image\" \/>\n<meta name=\"twitter:site\" content=\"@LeRegardLibre\" \/>\n<meta name=\"twitter:label1\" content=\"Est. reading time\" \/>\n\t<meta name=\"twitter:data1\" content=\"1 minute\" \/>\n<script type=\"application\/ld+json\" class=\"yoast-schema-graph\">{\"@context\":\"https:\\\/\\\/schema.org\",\"@graph\":[{\"@type\":\"WebPage\",\"@id\":\"https:\\\/\\\/leregardlibre.com\\\/mentions-legales\\\/\",\"url\":\"https:\\\/\\\/leregardlibre.com\\\/mentions-legales\\\/\",\"name\":\"Mentions l\u00e9gales | Le Regard Libre\",\"isPartOf\":{\"@id\":\"https:\\\/\\\/leregardlibre.com\\\/#website\"},\"datePublished\":\"2022-07-13T13:13:35+00:00\",\"dateModified\":\"2026-03-02T14:52:46+00:00\",\"description\":\"Mentions l\u00e9gales du m\u00e9dia suisse de d\u00e9bat Le Regard Libre. Contenus, programmation Web, illustrations et avis juridique.\",\"breadcrumb\":{\"@id\":\"https:\\\/\\\/leregardlibre.com\\\/mentions-legales\\\/#breadcrumb\"},\"inLanguage\":\"en-US\",\"potentialAction\":[{\"@type\":\"ReadAction\",\"target\":[\"https:\\\/\\\/leregardlibre.com\\\/mentions-legales\\\/\"]}]},{\"@type\":\"BreadcrumbList\",\"@id\":\"https:\\\/\\\/leregardlibre.com\\\/mentions-legales\\\/#breadcrumb\",\"itemListElement\":[{\"@type\":\"ListItem\",\"position\":1,\"name\":\"Accueil\",\"item\":\"https:\\\/\\\/leregardlibre.com\\\/\"},{\"@type\":\"ListItem\",\"position\":2,\"name\":\"Mentions l\u00e9gales\"}]},{\"@type\":\"WebSite\",\"@id\":\"https:\\\/\\\/leregardlibre.com\\\/#website\",\"url\":\"https:\\\/\\\/leregardlibre.com\\\/\",\"name\":\"Le Regard Libre\",\"description\":\"Premier mensuel suisse de d\u00e9bat\",\"publisher\":{\"@id\":\"https:\\\/\\\/leregardlibre.com\\\/#organization\"},\"potentialAction\":[{\"@type\":\"SearchAction\",\"target\":{\"@type\":\"EntryPoint\",\"urlTemplate\":\"https:\\\/\\\/leregardlibre.com\\\/?s={search_term_string}\"},\"query-input\":{\"@type\":\"PropertyValueSpecification\",\"valueRequired\":true,\"valueName\":\"search_term_string\"}}],\"inLanguage\":\"en-US\"},{\"@type\":\"Organization\",\"@id\":\"https:\\\/\\\/leregardlibre.com\\\/#organization\",\"name\":\"Le Regard Libre\",\"url\":\"https:\\\/\\\/leregardlibre.com\\\/\",\"logo\":{\"@type\":\"ImageObject\",\"inLanguage\":\"en-US\",\"@id\":\"https:\\\/\\\/leregardlibre.com\\\/#\\\/schema\\\/logo\\\/image\\\/\",\"url\":\"https:\\\/\\\/leregardlibre.com\\\/wp-content\\\/uploads\\\/2025\\\/08\\\/logo-rl-icone-neg.jpeg\",\"contentUrl\":\"https:\\\/\\\/leregardlibre.com\\\/wp-content\\\/uploads\\\/2025\\\/08\\\/logo-rl-icone-neg.jpeg\",\"width\":557,\"height\":556,\"caption\":\"Le Regard Libre\"},\"image\":{\"@id\":\"https:\\\/\\\/leregardlibre.com\\\/#\\\/schema\\\/logo\\\/image\\\/\"},\"sameAs\":[\"https:\\\/\\\/www.facebook.com\\\/leregardlibre\\\/\",\"https:\\\/\\\/x.com\\\/LeRegardLibre\",\"https:\\\/\\\/www.linkedin.com\\\/company\\\/le-regard-libre\",\"https:\\\/\\\/www.instagram.com\\\/leregardlibre\\\/\",\"http:\\\/\\\/t.me\\\/leregardlibre\",\"https:\\\/\\\/youtube.com\\\/channel\\\/UC6HzGPomj1LsUmlz-sJtITQ\"],\"description\":\"Le Regard Libre est un mensuel suisse de d\u00e9bat intellectuel et culturel. Sa r\u00e9daction est jeune, b\u00e9n\u00e9vole, lib\u00e9rale et pluraliste. Le magazine para\u00eet en ligne et sous forme papier. Sa langue est le fran\u00e7ais.\",\"email\":\"redaction@leregardlibre.com\",\"legalName\":\"Le Regard Libre\",\"foundingDate\":\"2014-01-01\",\"numberOfEmployees\":{\"@type\":\"QuantitativeValue\",\"minValue\":\"11\",\"maxValue\":\"50\"},\"publishingPrinciples\":\"https:\\\/\\\/leregardlibre.com\\\/a-propos\\\/notre-manifeste\\\/\",\"ownershipFundingInfo\":\"https:\\\/\\\/leregardlibre.com\\\/mentions-legales\\\/\",\"actionableFeedbackPolicy\":\"https:\\\/\\\/leregardlibre.com\\\/conditions-generales-de-vente\\\/\"}]}<\/script>\n<!-- \/ Yoast SEO Premium plugin. -->","yoast_head_json":{"title":"Legal information | Le Regard Libre","description":"Legal notice of the Swiss debate media Le Regard Libre. Contents, web programming, illustrations and legal notice.","robots":{"index":"index","follow":"follow","max-snippet":"max-snippet:-1","max-image-preview":"max-image-preview:large","max-video-preview":"max-video-preview:-1"},"canonical":"https:\/\/leregardlibre.com\/en\/legal-notice\/","og_locale":"en_US","og_type":"article","og_title":"Mentions l\u00e9gales","og_description":"Mentions l\u00e9gales du m\u00e9dia suisse de d\u00e9bat Le Regard Libre. Contenus, programmation Web, illustrations et avis juridique.","og_url":"https:\/\/leregardlibre.com\/en\/legal-notice\/","og_site_name":"Le Regard Libre","article_publisher":"https:\/\/www.facebook.com\/leregardlibre\/","article_modified_time":"2026-03-02T14:52:46+00:00","og_image":[{"width":2154,"height":1264,"url":"https:\/\/leregardlibre.com\/wp-content\/uploads\/2025\/11\/rl_logo_1a-e1762609033480.jpg","type":"image\/jpeg"}],"twitter_card":"summary_large_image","twitter_site":"@LeRegardLibre","twitter_misc":{"Est. reading time":"1 minute"},"schema":{"@context":"https:\/\/schema.org","@graph":[{"@type":"WebPage","@id":"https:\/\/leregardlibre.com\/mentions-legales\/","url":"https:\/\/leregardlibre.com\/mentions-legales\/","name":"Legal information | Le Regard Libre","isPartOf":{"@id":"https:\/\/leregardlibre.com\/#website"},"datePublished":"2022-07-13T13:13:35+00:00","dateModified":"2026-03-02T14:52:46+00:00","description":"Legal notice of the Swiss debate media Le Regard Libre. Contents, web programming, illustrations and legal notice.","breadcrumb":{"@id":"https:\/\/leregardlibre.com\/mentions-legales\/#breadcrumb"},"inLanguage":"en-US","potentialAction":[{"@type":"ReadAction","target":["https:\/\/leregardlibre.com\/mentions-legales\/"]}]},{"@type":"BreadcrumbList","@id":"https:\/\/leregardlibre.com\/mentions-legales\/#breadcrumb","itemListElement":[{"@type":"ListItem","position":1,"name":"Accueil","item":"https:\/\/leregardlibre.com\/"},{"@type":"ListItem","position":2,"name":"Mentions l\u00e9gales"}]},{"@type":"WebSite","@id":"https:\/\/leregardlibre.com\/#website","url":"https:\/\/leregardlibre.com\/","name":"Le Regard Libre","description":"Switzerland's first monthly debate magazine","publisher":{"@id":"https:\/\/leregardlibre.com\/#organization"},"potentialAction":[{"@type":"SearchAction","target":{"@type":"EntryPoint","urlTemplate":"https:\/\/leregardlibre.com\/?s={search_term_string}"},"query-input":{"@type":"PropertyValueSpecification","valueRequired":true,"valueName":"search_term_string"}}],"inLanguage":"en-US"},{"@type":"Organization","@id":"https:\/\/leregardlibre.com\/#organization","name":"Le Regard Libre","url":"https:\/\/leregardlibre.com\/","logo":{"@type":"ImageObject","inLanguage":"en-US","@id":"https:\/\/leregardlibre.com\/#\/schema\/logo\/image\/","url":"https:\/\/leregardlibre.com\/wp-content\/uploads\/2025\/08\/logo-rl-icone-neg.jpeg","contentUrl":"https:\/\/leregardlibre.com\/wp-content\/uploads\/2025\/08\/logo-rl-icone-neg.jpeg","width":557,"height":556,"caption":"Le Regard Libre"},"image":{"@id":"https:\/\/leregardlibre.com\/#\/schema\/logo\/image\/"},"sameAs":["https:\/\/www.facebook.com\/leregardlibre\/","https:\/\/x.com\/LeRegardLibre","https:\/\/www.linkedin.com\/company\/le-regard-libre","https:\/\/www.instagram.com\/leregardlibre\/","http:\/\/t.me\/leregardlibre","https:\/\/youtube.com\/channel\/UC6HzGPomj1LsUmlz-sJtITQ"],"description":"Le Regard Libre is a Swiss monthly magazine for intellectual and cultural debate. Its editorial team is young, voluntary, liberal and pluralist. The magazine appears online and in print. Its language is French.","email":"redaction@leregardlibre.com","legalName":"Le Regard Libre","foundingDate":"2014-01-01","numberOfEmployees":{"@type":"QuantitativeValue","minValue":"11","maxValue":"50"},"publishingPrinciples":"https:\/\/leregardlibre.com\/a-propos\/notre-manifeste\/","ownershipFundingInfo":"https:\/\/leregardlibre.com\/mentions-legales\/","actionableFeedbackPolicy":"https:\/\/leregardlibre.com\/conditions-generales-de-vente\/"}]}},"_links":{"self":[{"href":"https:\/\/leregardlibre.com\/en\/wp-json\/wp\/v2\/pages\/50339","targetHints":{"allow":["GET"]}}],"collection":[{"href":"https:\/\/leregardlibre.com\/en\/wp-json\/wp\/v2\/pages"}],"about":[{"href":"https:\/\/leregardlibre.com\/en\/wp-json\/wp\/v2\/types\/page"}],"author":[{"embeddable":true,"href":"https:\/\/leregardlibre.com\/en\/wp-json\/wp\/v2\/users\/1"}],"replies":[{"embeddable":true,"href":"https:\/\/leregardlibre.com\/en\/wp-json\/wp\/v2\/comments?post=50339"}],"version-history":[{"count":2,"href":"https:\/\/leregardlibre.com\/en\/wp-json\/wp\/v2\/pages\/50339\/revisions"}],"predecessor-version":[{"id":524550,"href":"https:\/\/leregardlibre.com\/en\/wp-json\/wp\/v2\/pages\/50339\/revisions\/524550"}],"wp:attachment":[{"href":"https:\/\/leregardlibre.com\/en\/wp-json\/wp\/v2\/media?parent=50339"}],"curies":[{"name":"wp","href":"https:\/\/api.w.org\/{rel}","templated":true}]}}

<h2 class="wp-block-heading" id="h-contenus">Contents</h2>



<p>Le Regard Libre<br>P.O. Box<br>2002 Neuchâtel 2<br><a href="mailto:redaction@leregardlibre.com">info@leregardlibre.co</a><a href="mailto:info@leregardlibre.com">m</a></p>



<h2 class="wp-block-heading" id="h-programmation-web">Web programming</h2>



<p>Novadev Sàrl<br>Les Places 38<br>2855 Glovelier<br><a href="http://www.novadev.ch/">www.novadev.ch</a></p>



<h2 class="wp-block-heading" id="h-illustrations">Illustrations</h2>



<p>All images (including the logo) on the website are protected by copyright.</p>



<h2 class="wp-block-heading" id="h-avis-juridique">Legal notice</h2>



<p>Neither Le Regard Libre nor Novadev Sàrl can guarantee the topicality, accuracy or completeness of the information and data provided. This also applies to all other websites referred to, directly or indirectly, by hyperlink. Neither Le Regard Libre nor Novadev Sàrl are responsible for the content of external websites.</p>

<p>Contenus Le Regard LibreCase postale2002 Neuchâtel 2info@leregardlibre.com Programmation web Novadev SàrlLes Places 382855 Glovelierwww.novadev.ch Illustrations Toutes les images (y compris&#8230;</p>

<!-- This site is optimized with the Yoast SEO Premium plugin v27.4 (Yoast SEO v27.4) - https://yoast.com/product/yoast-seo-premium-wordpress/ -->
<title>Mentions légales | Le Regard Libre</title>
<meta name="description" content="Mentions légales du média suisse de débat Le Regard Libre. Contenus, programmation Web, illustrations et avis juridique." />
<meta name="robots" content="index, follow, max-snippet:-1, max-image-preview:large, max-video-preview:-1" />
<link rel="canonical" href="https://leregardlibre.com/en/legal-notice/" />
<meta property="og:locale" content="en_US" />
<meta property="og:type" content="article" />
<meta property="og:title" content="Mentions légales" />
<meta property="og:description" content="Mentions légales du média suisse de débat Le Regard Libre. Contenus, programmation Web, illustrations et avis juridique." />
<meta property="og:url" content="https://leregardlibre.com/en/legal-notice/" />
<meta property="og:site_name" content="Le Regard Libre" />
<meta property="article:publisher" content="https://www.facebook.com/leregardlibre/" />
<meta property="article:modified_time" content="2026-03-02T14:52:46+00:00" />
<meta property="og:image" content="https://leregardlibre.com/wp-content/uploads/2025/11/rl_logo_1a-e1762609033480.jpg" />
	<meta property="og:image:width" content="2154" />
	<meta property="og:image:height" content="1264" />
	<meta property="og:image:type" content="image/jpeg" />
<meta name="twitter:card" content="summary_large_image" />
<meta name="twitter:site" content="@LeRegardLibre" />
<meta name="twitter:label1" content="Est. reading time" />
	<meta name="twitter:data1" content="1 minute" />
<script type="application/ld+json" class="yoast-schema-graph">{"@context":"https:\/\/schema.org","@graph":[{"@type":"WebPage","@id":"https:\/\/leregardlibre.com\/mentions-legales\/","url":"https:\/\/leregardlibre.com\/mentions-legales\/","name":"Mentions légales | Le Regard Libre","isPartOf":{"@id":"https:\/\/leregardlibre.com\/#website"},"datePublished":"2022-07-13T13:13:35+00:00","dateModified":"2026-03-02T14:52:46+00:00","description":"Mentions légales du média suisse de débat Le Regard Libre. Contenus, programmation Web, illustrations et avis juridique.","breadcrumb":{"@id":"https:\/\/leregardlibre.com\/mentions-legales\/#breadcrumb"},"inLanguage":"en-US","potentialAction":[{"@type":"ReadAction","target":["https:\/\/leregardlibre.com\/mentions-legales\/"]}]},{"@type":"BreadcrumbList","@id":"https:\/\/leregardlibre.com\/mentions-legales\/#breadcrumb","itemListElement":[{"@type":"ListItem","position":1,"name":"Accueil","item":"https:\/\/leregardlibre.com\/"},{"@type":"ListItem","position":2,"name":"Mentions légales"}]},{"@type":"WebSite","@id":"https:\/\/leregardlibre.com\/#website","url":"https:\/\/leregardlibre.com\/","name":"Le Regard Libre","description":"Premier mensuel suisse de débat","publisher":{"@id":"https:\/\/leregardlibre.com\/#organization"},"potentialAction":[{"@type":"SearchAction","target":{"@type":"EntryPoint","urlTemplate":"https:\/\/leregardlibre.com\/?s={search_term_string}"},"query-input":{"@type":"PropertyValueSpecification","valueRequired":true,"valueName":"search_term_string"}}],"inLanguage":"en-US"},{"@type":"Organization","@id":"https:\/\/leregardlibre.com\/#organization","name":"Le Regard Libre","url":"https:\/\/leregardlibre.com\/","logo":{"@type":"ImageObject","inLanguage":"en-US","@id":"https:\/\/leregardlibre.com\/#\/schema\/logo\/image\/","url":"https:\/\/leregardlibre.com\/wp-content\/uploads\/2025\/08\/logo-rl-icone-neg.jpeg","contentUrl":"https:\/\/leregardlibre.com\/wp-content\/uploads\/2025\/08\/logo-rl-icone-neg.jpeg","width":557,"height":556,"caption":"Le Regard Libre"},"image":{"@id":"https:\/\/leregardlibre.com\/#\/schema\/logo\/image\/"},"sameAs":["https:\/\/www.facebook.com\/leregardlibre\/","https:\/\/x.com\/LeRegardLibre","https:\/\/www.linkedin.com\/company\/le-regard-libre","https:\/\/www.instagram.com\/leregardlibre\/","http:\/\/t.me\/leregardlibre","https:\/\/youtube.com\/channel\/UC6HzGPomj1LsUmlz-sJtITQ"],"description":"Le Regard Libre est un mensuel suisse de débat intellectuel et culturel. Sa rédaction est jeune, bénévole, libérale et pluraliste. Le magazine paraît en ligne et sous forme papier. Sa langue est le français.","email":"redaction@leregardlibre.com","legalName":"Le Regard Libre","foundingDate":"2014-01-01","numberOfEmployees":{"@type":"QuantitativeValue","minValue":"11","maxValue":"50"},"publishingPrinciples":"https:\/\/leregardlibre.com\/a-propos\/notre-manifeste\/","ownershipFundingInfo":"https:\/\/leregardlibre.com\/mentions-legales\/","actionableFeedbackPolicy":"https:\/\/leregardlibre.com\/conditions-generales-de-vente\/"}]}</script>
<!-- / Yoast SEO Premium plugin. -->

Mentions légales

Mentions légales du média suisse de débat Le Regard Libre. Contenus, programmation Web, illustrations et avis juridique.
